*t + 2*k + 244 = 0. What is the remainder when t is divided by 13?
11
Suppose 4*p = 2*p + 42. Calculate the remainder when p is divided by 6.
3
Suppose i + q = 7, 0 = -5*i - 2*q + 3*q + 35. Let l be 72/27*27/2. Suppose 0 = -5*u + 8*u - l. Calculate the remainder when u is divided by i.
5
Let u(a) = -2 + 29*a**3 + 1 - 4*a**2 + 5*a**2. What is the remainder when u(1) is divided by 15?
14
Let d(l) = l**2 + 7*l + 3. Let s be 1*2 + 121/(-11). Suppose -m = -2*r + 24, -2 = -3*r + 3*m + 37. What is the remainder when d(s) is divided by r?
10
Let d(p) = 12*p + 4. Calculate the remainder when d(2) is divided by 15.
13
Let s(l) = -23*l - 9. Let b be s(-6). Suppose -2*u + b = 31. Calculate the remainder when u is divided by 13.
10
Let b(x) be the second derivative of -1/4*x**4 - 1/3*x**3 + 0*x**2 - 4*x - 1/10*x**5 + 0. Calculate the remainder when b(-3) is divided by 12.
9
Let q(o) = -o**3 + 9 - 9*o - 5*o**2 - 2 + 0*o**2 - 3*o**2. Suppose l + l = -3*y - 2, -3*l - 9 = 3*y. What is the remainder when q(l) is divided by 12?
9
Let n(y) = -y**3 + 6*y**2 + 2*y - 5. Let x(l) = -l**3 - 9*l**2 - 9*l - 2. Let f be x(-8). What is the remainder when ((-38)/(-3))/(4/f) is divided by n(6)?
5
Suppose 3*a = 23 + 4. Let h(u) = 18*u**2 - 5*u + 3. Calculate the remainder when h(1) is divided by a.
7
Let s = 1 + 2. Suppose s*j + 15 = 3*t, -2*t - 3 = -j - 3*t. Let b = 3 + j. What is the remainder when 5 is divided by b?
1
Let v(i) = -i**3 - 4*i**2 - 3*i - 2. Let o be v(-2). Let t = 5 - o. What is the remainder when 26 is divided by t?
8
Let i(j) be the first derivative of j**2/2 + 17*j - 3. Let q be ((-3)/(-2))/(-3)*0. Calculate the remainder when i(q) is divided by 6.
5
Suppose z + 12 = -0*z. Let w = -7 - z. Let a = -14 + 16. What is the remainder when w is divided by a?
1
Let x(l) = 3*l**3 + l**2 - 2*l + 1. Let w be x(1). Let z be w*2*(1 + 0). Let b(t) = t**3 - 7*t**2 + 6*t + 7. Calculate the remainder when 25 is divided by b(z).
4
Suppose -9*q = -4*q - 30. What is the remainder when 1*24 + 1/(-1) is divided by q?
5
Let l(z) = -2*z - 3. Let s be l(-4). Suppose 5*g - s = 0, 0 = -3*m + g + 75 + 194. Suppose -t + 6*t - m = 0. Calculate the remainder when 52 is divided by t.
16
Let p = 0 + 4. Let a(o) = -o. Let f(w) = 4*w - 8. Let g(h) = -3*a(h) - f(h). What is the remainder when g(p) is divided by 2?
0
Let n(j) = 2*j**3 - j**2 + 1. Suppose -3*i + 22 = -4*a, 0 = 3*i + a - 3 + 1. Suppose i = -3*b + 5. Calculate the remainder when 2 is divided by n(b).
0
Suppose -7*c + 2 + 180 = 0. Calculate the remainder when 70 is divided by c.
18
Let w be 1*(-1 + (1 - -1)). Let r = w + 7. Calculate the remainder when r is divided by 5.
3
Suppose -28 = 3*k - 5*s, s = -5*k - 0*s - 56. Let n = k - -34. What is the remainder when n is divided by 8?
7
Let t = 37 - 14. What is the remainder when t is divided by (39/(-9))/(2/(-6))?
10
Suppose 7*r + 60 = 12*r. Calculate the remainder when r is divided by 5.
2
Let u(p) = 5*p + 1. Let v be u(-1). Let d = 0 - v. Suppose 17 + d = z. What is the remainder when z is divided by 11?
10
Suppose -6*p + 165 = -3*p. What is the remainder when 163 is divided by p?
53
Suppose s = -3*n + 32, 2*n - 3*s - 6 = 8. Let r be 0*1/(-3)*-3. Suppose v = 5*g - 136, -2*g = -r*g + 3*v - 68. Calculate the remainder when g is divided by n.
8
Suppose 2*b + 3*n - 62 = -0*b, b + 2*n = 32. Calculate the remainder when 108 is divided by b.
24
Suppose -5*m + 85 + 60 = 0. Calculate the remainder when 68 is divided by m.
10
Let x be (-3642)/(-24) + 6/(-8). Suppose 4*l = -t + x - 56, 2 = -2*t. What is the remainder when 94 is divided by l?
22
Let m = 45 + -16. Let r = 43 - m. Calculate the remainder when r is divided by 8.
6
Suppose -12*r = 77 - 305. What is the remainder when 72 is divided by r?
15
Suppose 2*u = 34 - 26. Calculate the remainder when 23 is divided by u.
3
Let h(w) = -2*w - 3. Let x be h(2). Let r = x - -19. Calculate the remainder when 33 is divided by r.
9
What is the remainder when 330/(2 - -3) + 2/(-1) is divided by 5?
4
Let y(b) = -b**2 - 9*b - 5. Let t be y(-7). What is the remainder when (3 - 6)/(6/(-28)) is divided by 1 + -3*(-12)/t?
4
Let c = 23 + -5. What is the remainder when 70 is divided by c?
16
Let u(n) = 23*n**2 + 4*n + 6. What is the remainder when u(-3) is divided by 17?
14
Let z be (-28)/35 + 988/10. Suppose -p + 15 = -3*u, z = 5*p - 5*u - 7. Calculate the remainder when p is divided by 13.
11
Let h(f) = f**3 - 10*f**2 - 6*f + 3. Calculate the remainder when h(11) is divided by 15.
13
Let w = -34 - -57. Calculate the remainder when w is divided by 13.
10
Let q(z) be the second derivative of -z**5/20 - 7*z**4/12 - z**3 + z. Let u be q(-6). Suppose u = -2*i + 2 + 2. Calculate the remainder when 3 is divided by i.
1
Let u(m) be the second derivative of -m**4/12 - 5*m**3/6 - 3*m**2/2 - m. Let q be u(-3). Suppose -y = -15 + q. Calculate the remainder when y is divided by 7.
5
Suppose 0 = 3*o - 4 - 2. Suppose 3*b - 20 = -o*b. Calculate the remainder when (b - 2) + -3 - -16 is divided by 8.
7
Let g(j) = -2*j - 3. Calculate the remainder when 2 is divided by g(-2).
0
Suppose 35 = 4*c - 13. Let g(h) = -h**3 + 7*h**2 - 4*h + 9. Calculate the remainder when g(6) is divided by c.
9
Suppose -z = -2*m + 5*m + 11, -3*z + 3*m = -27. Suppose f = z*f - 6. Calculate the remainder when f is divided by 1.
0
Suppose 86 = 2*t + 3*n, -n + 86 = 4*t - 2*t. What is the remainder when t is divided by 16?
11
Suppose 8 = 4*x + 3*l, 2*x - 3*l + 2 = 3*x. What is the remainder when 6 is divided by x?
0
Let r(p) be the first derivative of -1/4*p**4 + 2*p**3 - 7*p + 7/2*p**2 + 3. Calculate the remainder when r(6) is divided by 12.
11
Let m = 173 - 162. What is the remainder when 97 is divided by m?
9
Suppose 22 - 112 = -5*a. Let r = 6 - 1. What is the remainder when a is divided by r?
3
Let i = 23 - 21. Let k = i - -36. What is the remainder when k is divided by 20?
18
Suppose 0 = -4*v - 4*l - 20, 2*v = -3*v + l - 31. Let i be (3/v)/((-3)/192). Let w = i - 15. Calculate the remainder when 32 is divided by w.
15
Let f = -35 + 40. What is the remainder when 18 is divided by f?
3
Let z(t) = t**3 + 7*t**2 + 2*t - 2. Calculate the remainder when z(-6) is divided by 8.
6
Suppose -4*g - 5*m + 34 = 0, 4*g - 21 = -3*m + 9. Suppose -4*c = -o + 37, 2*o - 5*c = g*o - 43. Calculate the remainder when 33 is divided by o.
16
Suppose 2*r - 3*r + c = 2, 16 = -2*r + 5*c. Suppose -3 = -r*h + 3. What is the remainder when (h/6)/(2/48) is divided by 7?
5
Let s = 168 + -21. Let t(b) = -b**2 + 6*b. Let m be t(6). Suppose 3*q + m*q = s. What is the remainder when q is divided by 17?
15
Let z(w) = w - 3. Let o be z(-4). Let s be 0 + 2 + -1 - -6. What is the remainder when (-30)/o - 2/s is divided by 3?
1
Calculate the remainder when 43 is divided by (72/20*(-10)/(-2))/2.
7
Let i(r) = -3*r. Calculate the remainder when 97 is divided by i(-11).
31
Suppose -4*b + 3*h + 30 = 2*h, 18 = 2*b - 2*h. What is the remainder when 18 is divided by b?
4
Calculate the remainder when 2/11 + 370/22 is divided by 10.
7
Let w = 99 + -70. What is the remainder when w is divided by 18?
11
Let k(o) = -4*o - 6. Let b be k(-4). Suppose 30 = -0*m - 3*m. Calculate the remainder when (132/m)/((-3)/b) is divided by 15.
14
Let y(m) = 15*m - 17. Let s(o) = 3*o - 20. Let x be s(9). What is the remainder when y(x) is divided by 30?
28
Let o = -9 + 15. Calculate the remainder when (-9 - -12)*3/((-9)/(-11)) is divided by o.
5
Suppose -2*p + 8 = -0*p. Suppose p*d - 61 = 71. Calculate the remainder when 2/7 - d/(-7) is divided by 2.
1
Suppose -3*z - 5 = 2*d - 1, 3*d = z + 5. Suppose 0 - 26 = -2*m. What is the remainder when m is divided by 13/3 - d/3?
1
Suppose 4*q - 2*n = 68, -n + 5*n = 0. Calculate the remainder when q is divided by 6.
5
Let n(s) = -33 + 33 + 38*s. What is the remainder when n(3) is divided by 29?
27
Let w = -23 - -43. Let j(u) = w - u - u + u. Calculate the remainder when 59 is divided by j(0).
19
Suppose 0*y = 3*y - 18. Let c = y + -4. Let w(z) = 6*z + 1. Calculate the remainder when 24 is divided by w(c).
11
Let w(p) = p**3 - p**2 - 3*p + 3. Let r be w(2). Let v(m) = m**3 + 3*m**2 - 7*m - 5. Calculate the remainder when 13 + r/(-2)*0 is divided by v(-4).
6
Suppose -107 = -4*o + 33. Suppose 0 = -0*k - 3*k + 36. What is the 